Let l(g) = -g**2 + 18*g - 133. Let y be l(20). Let c = y - -188. Calculate the highest common factor of 225 and c.
15
Let c(y) = -4*y**3 - 9*y**2 + 11*y + 2. Let u be c(-10). Suppose -g = -12*g + u. What is the highest common factor of g and 17?
17
Let u = 86 - 60. Let n(t) = -u*t + 76*t + 27 - 31*t - 24*t. Let k be n(0). Calculate the highest common divisor of 6 and k.
3
Suppose 0 = -5*r + 2*r - 2*q + 126, 4*q = 0. Let h = r + -34. Suppose 0 = -4*i + 204 + 52. What is the highest common factor of i and h?
8
Suppose 16*z - 13 = 3*z. Let w be -30*z*5/(-2). Calculate the greatest common divisor of 60 and w.
15
Let d be 1*787 - 27/(-18)*-2. Suppose 4*b - 6*b = t - 200, -4*t = 4*b - d. Calculate the highest common divisor of 24 and t.
24
Suppose -b + 6*u + 8758 = 0, -4*b - 3*u = -17201 - 17831. Calculate the greatest common factor of 2114 and b.
302
Let d(g) = 4*g**2 - 3 - 1805*g + 1 + 1799*g. Let b be d(-2). What is the greatest common factor of 2 and b?
2
Let m(k) = -k**3 - 96*k**2 + 102*k + 505. Let n be m(-97). Calculate the highest common divisor of n and 3590.
10
Let d(j) be the third derivative of j**5/30 - j**4/8 - 13*j**3/2 + 11*j**2 + 2*j. Let m be d(-6). What is the greatest common divisor of 17 and m?
17
Suppose -10868*z + 10888*z = 50660. What is the highest common divisor of 272 and z?
17
Suppose 0 = -65*b + 82*b - 102. Let v(i) = -i**2 + 9*i - 15. Let t be v(b). Calculate the greatest common factor of 27 and t.
3
Let j be 2/15 - (-17284)/(-30). Let k be j/(-56)*(-7)/(-2). Calculate the highest common divisor of 60 and k.
12
Let a = -25096 - -25285. Suppose 21 = 2*c + c. Calculate the greatest common divisor of a and c.
7
Let c(r) = r + 55. Let z be c(-37). Suppose z*l - 335 = 259. Calculate the highest common divisor of l and 11.
11
Suppose -27*z + 6 = -28*z. Let f be (z/(-4))/(15/20). Suppose -3 - f = -l. Calculate the highest common divisor of l and 2.
1
Let i be 136*(9/(-2))/(-9). Suppose -92992 = -212*u - 108*u - 512. What is the greatest common factor of u and i?
17
Let i be ((-330)/25)/((-2)/45). Let f be (-1)/(-2) + i/18. Suppose -42 = -4*q - z, -2*q - 3*z = -43 + f. Calculate the highest common divisor of q and 10.
10
Let r be (-10)/((-20)/648*12/15). Calculate the greatest common factor of r and 915.
15
Suppose -9*o + 13*o - 6972 = 4*f, 7*o - 12243 = f. Calculate the greatest common factor of 154 and o.
14
Let r be (3 - 17965/(-135)) + (-10)/135. Let o be (-3)/6*-2 - -16. Calculate the greatest common factor of o and r.
17
Let o(p) = -p**2 + 24*p + 19. Let z be o(24). Suppose -5*s = c - z, 0 = 4*c + 4*s - 2*s - 148. What is the greatest common factor of 312 and c?
39
Let b(o) = o**3 + o**2 + 12*o - 9. Let f be b(4). Let k be (-5 - -1)/(-2) - f/(-1). What is the highest common factor of 44 and k?
11
Let f be 2 - -1 - (-3)/(-18)*0. Suppose -4*g = 5*s - 8, 30 = 2*g - f*s + 4. Let n = -14 - -21. Calculate the greatest common divisor of g and n.
7
Let j(l) = -l**3 - 16*l**2 - 14*l + 17. Let r be j(-15). Let o be 1/(-2)*r + 2. Let p = o + 4. Calculate the greatest common factor of p and 1.
1
Suppose 4*q - 24 = -0*q, -5*b = -5*q - 1870. Let v be 4/8*6 - -149. What is the highest common factor of v and b?
76
Let z be (42/4)/(8/16). Suppose -44*j - 20 = -49*j. Suppose 4*g - j*h - 912 = 0, g - 225 = -6*h + 8*h. What is the highest common divisor of z and g?
21
Suppose 816 = -10*k + 14*k. Calculate the highest common divisor of 1887 and k.
51
Let f(z) = z**3 - 3*z**2 + 2834. Let k be f(0). What is the greatest common factor of k and 26?
26
Let l = 2235 - 1703. What is the highest common divisor of l and 140?
28
Let i(f) = -f**3 + 31*f + 5. Let m be i(-6). Suppose 5*t - 3*x - 688 = 0, -4*t + t - 5*x = -440. Calculate the highest common factor of t and m.
35
Let x(f) = 10*f**2 + 27*f - 4. Let m be x(-6). Let h be (-14)/77 - m/22. Let b be (2 - 372/(-9))/((-6)/h). What is the highest common divisor of b and 26?
13
Let g(y) = 2*y**2 + 3*y + 1. Let s be ((-1)/3)/(((-15)/(-441))/(-5)). Let c = 50 - s. Let v be g(c). What is the greatest common factor of 96 and v?
6
Suppose -5*f + 48 = 3*z - 44, -4*z + f = -161. Calculate the highest common divisor of 33 and z.
3
Suppose 39 = -3*p + 15, -5*k - 2*p = -61509. Calculate the greatest common factor of 428 and k.
107
Suppose -5*r - 48 = -198. Let a be 0 - (-22 - 21/(-3)). Let i = a + 15. Calculate the highest common factor of r and i.
30
Let b = -22923 - -36768. Calculate the greatest common factor of 130 and b.
65
Let o = -4249 + 7360. What is the highest common factor of o and 122?
61
Suppose f + f - 145 = -5*c, -3*f - 93 = -4*c. Suppose 2*h = 4*s - h - 4396, -4*h + 16 = 0. Let j = s + -805. Calculate the highest common divisor of j and c.
27
Let x be (36/8)/(-1 - (-14)/16). Let l be (-5 + 0)/(30/x). Let g(b) = 7*b**2 + 1. Let c be g(l). Calculate the highest common factor of c and 23.
23
Suppose -4*q - 20 = -2*c, -c - 2*q + 22 = -0*c. Suppose -y - 4*n + c = 0, -2*n - 51 = -4*y - 5*n. What is the greatest common divisor of 12 and y?
12
Let s be (56/(-21) + 3)/((-6)/(-72)). Suppose p + 0*p = 333. Suppose 0 = 4*j - 5*c - p, -3*j = -s*j - 4*c + 57. What is the greatest common factor of j and 11?
11
Let o = 104 - 70. Let j = 3 + -34. Let p = o + j. Calculate the greatest common factor of 4 and p.
1
Let k be ((-9)/(-6))/((-12)/8 + 2). Suppose -k*d = -d - 22. Let g be 20/(-5) + -1 + 1 + 15. What is the greatest common divisor of d and g?
11
Let l be 15/(-10)*1/(6/32). Let o = 51 + l. What is the greatest common factor of 473 and o?
43
Let b be (-2 + (-6)/(-5))*-120. Let z(u) = -2*u**2 + 239*u + 2240. Let w be z(128). What is the greatest common divisor of b and w?
32
Suppose 0 = -0*a - 4*a + 1876. Let c(p) = p**3 - 106*p**2 + 1366*p + 43. Let s be c(91). Calculate the highest common factor of a and s.
67
Let m(g) = -14*g - g - 37 + 36 - 60. Let q be m(-5). What is the highest common factor of 2 and q?
2
Let x(n) = -3*n**2 - 13 + n + 304*n**3 + 4*n**2 - 7*n + 18. Let l be x(1). Calculate the greatest common factor of 64 and l.
16
Let g be ((-14)/(-21))/(4/6). Let p be g + -2 + (27 - 1). Calculate the highest common divisor of p and 1.
1
Suppose 5*i + 178 = 2*w - 9*i, -5*w - 2*i + 186 = 0. Let d(l) = 6*l**3 - l**2 - 2*l. Let a be d(2). Calculate the greatest common factor of w and a.
40
Suppose 0*n - 3*q = 2*n + 221, -n + 4*q - 105 = 0. Let m = 118 + n. What is the greatest common divisor of m and 99?
9
Let p = -111 - -165. Let j = -1 - -8. Let q(b) = -b**2 + 9*b + 4. Let o be q(j). What is the highest common factor of p and o?
18
Let a(y) = y**3 + 6*y**2 + 7*y + 9. Let j be a(-9). Let m = -197 - j. Suppose 10*k - m = -0. Calculate the highest common divisor of 5 and k.
5
Let w = 15651 + -15633. Calculate the greatest common factor of w and 654.
6
Let j = 339 + -105. Suppose 0 = -49*z + 55*z - j. Suppose f + 3*v + 2 = 70, 326 = 5*f + v. What is the greatest common factor of f and z?
13
Let k(t) = -t**3 + 8*t**2 - 4*t + 3. Let p be k(5). Let u = p - 54. Suppose -9 = u*a - 33. Calculate the greatest common divisor of a and 6.
6
Let a be (-6050)/66*(-12)/10. Suppose -100 - a = -10*y. What is the greatest common factor of y and 56?
7
Let v(y) = y**3 - 48*y**2 + 95*y - 48. Suppose 3*p - 78 = 3*j + 54, 3*p - 4*j = 130. Let f be v(p). What is the greatest common factor of 12 and f?
6
Suppose -5*b = 3*f - 598, 5*f - 4 = 1. Suppose -2*n + 27 = 2*l - b, 5*l - 349 = -n. What is the greatest common factor of l and 345?
69
Suppose j + 4 = 0, 5*z - 2*j = 9 + 64. Suppose w - z*w = -360. Calculate the greatest common divisor of 54 and w.
6
Suppose -4*j + 450 = -350. Let g(v) = 2*v**2 - 105*v - 1175. Let z be g(-10). What is the greatest common factor of z and j?
25
Let l(y) = -587*y + 11924. Let q be l(20). Calculate the highest common divisor of 15548 and q.
92
Suppose -4*l = 4*x - 240, -4*x - 24 - 84 = -2*l. Suppose l*y = 50*y + 160. Suppose -54 - 26 = -p. What is the highest common divisor of y and p?
20
Let f be 0*(-3)/(-18)*3 - -28. Suppose -105*l + 28 = -103*l. Calculate the greatest common divisor of f and l.
14
Let c = -53 - -229. Suppose 81*x - 6616 = -4834. Calculate the greatest common divisor of c and x.
22
Suppose 2*o = -0*o + 14. Let l be (18/27)/(4/(-18)). Let h be ((-1)/l)/((-246)/126 - -2). What i